{"id":1458,"date":"2024-05-10T10:49:04","date_gmt":"2024-05-10T15:49:04","guid":{"rendered":"https:\/\/www.bancocapital.com\/web\/?page_id=1458"},"modified":"2025-01-20T12:07:46","modified_gmt":"2025-01-20T17:07:46","slug":"trabaja-con-nosotros","status":"publish","type":"page","link":"https:\/\/www.bancocapital.com\/web\/trabaja-con-nosotros\/","title":{"rendered":"Trabaja con Nosotros"},"content":{"rendered":"\t\t<div data-elementor-type=\"wp-page\" data-elementor-id=\"1458\" class=\"elementor elementor-1458\" data-elementor-settings=\"{&quot;ha_cmc_init_switcher&quot;:&quot;no&quot;}\">\n\t\t\t\t\t\t<section class=\"elementor-section elementor-top-section elementor-element elementor-element-c003f21 elementor-section-boxed elementor-section-height-default elementor-section-height-default\" data-id=\"c003f21\" data-element_type=\"section\" data-settings=\"{&quot;background_background&quot;:&quot;classic&quot;,&quot;_ha_eqh_enable&quot;:false}\">\n\t\t\t\t\t\t\t<div class=\"elementor-background-overlay\"><\/div>\n\t\t\t\t\t\t\t<div class=\"elementor-container elementor-column-gap-default\">\n\t\t\t\t\t<div class=\"aux-parallax-section elementor-column elementor-col-100 elementor-top-column elementor-element elementor-element-bb1b860\" data-id=\"bb1b860\" data-element_type=\"column\">\n\t\t\t<div class=\"elementor-widget-wrap elementor-element-populated\">\n\t\t\t\t\t\t<div class=\"elementor-element elementor-element-2a1beea elementor-widget elementor-widget-image\" data-id=\"2a1beea\" data-element_type=\"widget\" data-widget_type=\"image.default\">\n\t\t\t\t<div class=\"elementor-widget-container\">\n\t\t\t\t\t\t\t\t\t\t\t\t\t\t<a href=\"https:\/\/bancaenlinea.bancocapital.com\/\">\n\t\t\t\t\t\t\t<img fetchpriority=\"high\" decoding=\"async\" width=\"789\" height=\"855\" src=\"https:\/\/www.bancocapital.com\/web\/wp-content\/uploads\/2024\/10\/banco-19.png\" class=\"attachment-large size-large wp-image-2879\" alt=\"\" srcset=\"https:\/\/www.bancocapital.com\/web\/wp-content\/uploads\/2024\/10\/banco-19.png 789w, https:\/\/www.bancocapital.com\/web\/wp-content\/uploads\/2024\/10\/banco-19-200x217.png 200w\" sizes=\"(max-width: 789px) 100vw, 789px\" \/>\t\t\t\t\t\t\t\t<\/a>\n\t\t\t\t\t\t\t\t\t\t\t\t\t<\/div>\n\t\t\t\t<\/div>\n\t\t\t\t<div class=\"elementor-element elementor-element-c3b9a2a elementor-widget elementor-widget-heading\" data-id=\"c3b9a2a\" data-element_type=\"widget\" data-widget_type=\"heading.default\">\n\t\t\t\t<div class=\"elementor-widget-container\">\n\t\t\t<h2 class=\"elementor-heading-title elementor-size-default\">Trabaja con nosotros<\/h2>\t\t<\/div>\n\t\t\t\t<\/div>\n\t\t\t\t<section class=\"elementor-section elementor-inner-section elementor-element elementor-element-73ca2b2 elementor-section-boxed elementor-section-height-default elementor-section-height-default\" data-id=\"73ca2b2\" data-element_type=\"section\" data-settings=\"{&quot;_ha_eqh_enable&quot;:false}\">\n\t\t\t\t\t\t<div class=\"elementor-container elementor-column-gap-default\">\n\t\t\t\t\t<div class=\"aux-parallax-section elementor-column elementor-col-33 elementor-inner-column elementor-element elementor-element-5522689\" data-id=\"5522689\" data-element_type=\"column\">\n\t\t\t<div class=\"elementor-widget-wrap\">\n\t\t\t\t\t\t\t<\/div>\n\t\t<\/div>\n\t\t\t\t<div class=\"aux-parallax-section elementor-column elementor-col-33 elementor-inner-column elementor-element elementor-element-163d5cb\" data-id=\"163d5cb\" data-element_type=\"column\">\n\t\t\t<div class=\"elementor-widget-wrap elementor-element-populated\">\n\t\t\t\t\t\t<div class=\"elementor-element elementor-element-b217171 elementor-widget elementor-widget-text-editor\" data-id=\"b217171\" data-element_type=\"widget\" data-widget_type=\"text-editor.default\">\n\t\t\t\t<div class=\"elementor-widget-container\">\n\t\t\t\t\t\t\t<p>Nos complace conocerlo, le invitamos a formar parte de nuestro equipo. A trav\u00e9s de esta p\u00e1gina tendr\u00e1 la oportunidad de integrarse a Banco Capital.<\/p>\n<p><br><\/p>\t\t\t\t\t\t<\/div>\n\t\t\t\t<\/div>\n\t\t\t\t\t<\/div>\n\t\t<\/div>\n\t\t\t\t<div class=\"aux-parallax-section elementor-column elementor-col-33 elementor-inner-column elementor-element elementor-element-e1b3bc0\" data-id=\"e1b3bc0\" data-element_type=\"column\">\n\t\t\t<div class=\"elementor-widget-wrap\">\n\t\t\t\t\t\t\t<\/div>\n\t\t<\/div>\n\t\t\t\t\t<\/div>\n\t\t<\/section>\n\t\t\t\t\t<\/div>\n\t\t<\/div>\n\t\t\t\t\t<\/div>\n\t\t<\/section>\n\t\t\t\t<section class=\"elementor-section elementor-top-section elementor-element elementor-element-accbfda elementor-section-boxed elementor-section-height-default elementor-section-height-default\" data-id=\"accbfda\" data-element_type=\"section\" data-settings=\"{&quot;_ha_eqh_enable&quot;:false}\">\n\t\t\t\t\t\t<div class=\"elementor-container elementor-column-gap-default\">\n\t\t\t\t\t<div class=\"aux-parallax-section elementor-column elementor-col-100 elementor-top-column elementor-element elementor-element-9d268fa\" data-id=\"9d268fa\" data-element_type=\"column\">\n\t\t\t<div class=\"elementor-widget-wrap elementor-element-populated\">\n\t\t\t\t\t\t<div class=\"elementor-element elementor-element-f5f090d elementor-widget elementor-widget-depicter_slider\" data-id=\"f5f090d\" data-element_type=\"widget\" data-widget_type=\"depicter_slider.default\">\n\t\t\t\t<div class=\"elementor-widget-container\">\n\t\t\t<style id=\"depicter-146-inline-pre-css\">\n\n.depicter-146:not(.depicter-ready){\n\theight:700px;\n}\n\n\/***** Tablet *****\/\n@media screen and (max-width: 1024px){\n\n.depicter-146:not(.depicter-ready){\n\theight:700px;\n}\n\n}\n\/***** Mobile *****\/\n@media screen and (max-width: 767px){\n\n.depicter-146:not(.depicter-ready){\n\theight:740px;\n}\n\n}\n<\/style>\n<div id=\"depicter-146\" class=\"depicter depicter-document depicter-revert depicter-146 depicter-layout-fullwidth\">\n\n<div class=\"depicter-loading-container depicter-loading dotFlashing-dark\"><div class=\"depicter-loading-dark depicter-dot-flashing\">\n   <span><\/span>\n   <span><\/span>\n   <span><\/span>\n<\/div>\n<\/div>\n<div id=\"depicter-146-section-1\" class=\"depicter-section depicter-146-section-1\" data-name=\"Section 1\" data-type=\"section\" data-local-id=\"section-1\">\n<picture id=\"depicter-146-element-18\" class=\"depicter-element depicter-layer depicter-146-element-18\" data-type=\"image\" data-wrap=\"true\" data-name=\"Image 3\" data-local-id=\"element-18\" data-offset=\"x:31px;y:49px;origin:tl\" data-width=\"550px,,\" data-height=\"178px,,\" data-responsive-scale=\"true,,\" data-crop=\"false\">\n<source data-depicter-srcset=\"https:\/\/www.bancocapital.com\/web\/wp-content\/uploads\/2020\/01\/cropped-banco-logo-550x178.png, https:\/\/www.bancocapital.com\/web\/wp-content\/uploads\/2020\/01\/cropped-banco-logo-1100x356.png 2x\" srcset=\"data:image\/gif;base64,R0lGODlhAQABAIAAAAAAAP\/\/\/yH5BAEAAAAALAAAAAABAAEAAAIBRAA7\" \/>\n<img decoding=\"async\" src=\"data:image\/gif;base64,R0lGODlhAQABAIAAAAAAAP\/\/\/yH5BAEAAAAALAAAAAABAAEAAAIBRAA7\" data-depicter-src=\"https:\/\/www.bancocapital.com\/web\/wp-content\/uploads\/2020\/01\/cropped-banco-logo-550x178.png\" alt=\"\" \/>\n<\/picture>\n<p id=\"depicter-146-element-23\" class=\"depicter-element depicter-layer depicter-146-element-23\" data-type=\"text\" data-wrap=\"true\" data-name=\"Text 4\" data-local-id=\"element-23\" data-offset=\"x:41px;y:350px;origin:tl\" data-width=\"auto,,\" data-height=\"auto,,\" data-responsive-scale=\"true,,\">Conocimientos en:<br><\/p>\n\n<h3 id=\"depicter-146-element-24\" class=\"depicter-element depicter-layer depicter-146-element-24\" data-type=\"text\" data-wrap=\"true\" data-name=\"Text 5\" data-local-id=\"element-24\" data-offset=\"x:41px;y:215px;origin:tl\" data-width=\"219px,,\" data-height=\"auto,,\" data-responsive-scale=\"true,,\">Estamos Contratando<\/h3>\n\n<h2 id=\"depicter-146-element-25\" class=\"depicter-element depicter-layer depicter-146-element-25\" data-type=\"text\" data-wrap=\"true\" data-name=\"Text 6\" data-local-id=\"element-25\" data-offset=\"x:172px;y:254px;origin:tl\" data-width=\"auto,,\" data-height=\"auto,,\" data-responsive-scale=\"true,,\">Gerente de <\/h2>\n\n<h2 data-animation-in=\"{'direction':'left','easing':'easeInOutExpo','duration':1800,'movement':0,'type':'move'}\" data-between-in-out=\"false\" id=\"depicter-146-element-27\" class=\"depicter-element depicter-layer depicter-146-element-27\" data-type=\"text\" data-wrap=\"true\" data-name=\"Text 8\" data-local-id=\"element-27\" data-offset=\"x:24px;y:246px;origin:tl\" data-width=\"auto,,\" data-height=\"auto,,\" data-responsive-scale=\"true,,\">Gerente de Riesgos<\/h2>\n\n<h3 id=\"depicter-146-element-28\" class=\"depicter-element depicter-layer depicter-146-element-28\" data-type=\"text\" data-wrap=\"true\" data-name=\"Text 9\" data-local-id=\"element-28\" data-offset=\"x:110px;y:296px;origin:tl\" data-width=\"auto,,\" data-height=\"auto,,\" data-responsive-scale=\"true,,\">Con<\/h3>\n\n<p data-animation-in=\"{'direction':'left','easing':'easeInOutExpo','duration':1800,'movement':0,'type':'move'}\" data-between-in-out=\"false\" id=\"depicter-146-element-31\" class=\"depicter-element depicter-layer depicter-146-element-31\" data-type=\"text\" data-wrap=\"true\" data-name=\"Text 10\" data-local-id=\"element-31\" data-offset=\"x:31px;y:398px;origin:tl\" data-width=\"611px,,\" data-height=\"auto,,\" data-responsive-scale=\"true,,\">*Gesti\u00f3n integral de riesgos.<br>*regularizaciones y cumplimiento normativos.<br>*An\u00e1lisis de datos y modelado financiero.<br>*Evaluaci\u00f3n de cr\u00e9dito y solvencia.<br>*Gesti\u00f3n  de cartera y control.<br><\/p>\n\n<p id=\"depicter-146-element-32\" class=\"depicter-element depicter-layer depicter-146-element-32\" data-type=\"text\" data-wrap=\"true\" data-name=\"Text 11\" data-local-id=\"element-32\" data-offset=\"x:977px;y:20px;origin:tl\" data-width=\"auto,,\" data-height=\"auto,,\" data-responsive-scale=\"true,,\">QUITO<\/p>\n\n<a href=\"https:\/\/www.linkedin.com\/posts\/banco-capital_%C3%BAnete-a-banco-capital-como-nuestro-pr%C3%B3ximo-ugcPost-7287921237085863936-L16b?utm_source=share&amp;utm_medium=member_desktop\"><button id=\"depicter-146-element-33\" class=\"depicter-element depicter-layer depicter-146-element-33\" data-type=\"button\" data-wrap=\"true\" data-name=\"Button 1\" data-local-id=\"element-33\" data-offset=\"x:503px;y:572px;origin:tl\" data-width=\"169px,,\" data-height=\"75px,,\" data-responsive-scale=\"true,,\"><span class=\"dp-inner-content\">CLICK AQU\u00cd<\/span><\/button><\/a>\n<p id=\"depicter-146-element-40\" class=\"depicter-element depicter-layer depicter-146-element-40\" data-type=\"text\" data-wrap=\"true\" data-name=\"Text 16\" data-local-id=\"element-40\" data-offset=\"x:41px;y:592px;origin:tl\" data-width=\"331px,,\" data-height=\"auto,,\" data-responsive-scale=\"true,,\">PARA M\u00c1S INFORMACI\u00d3N VISITA EL SIGUIENTE ENLACE<\/p>\n\n<picture data-between-in-out=\"false\" id=\"depicter-146-element-41\" class=\"depicter-element depicter-layer depicter-146-element-41\" data-type=\"image\" data-wrap=\"true\" data-name=\"Image 5\" data-local-id=\"element-41\" data-offset=\"x:207px;y:-180px;origin:tl\" data-width=\"1020px,,\" data-height=\"1020px,,\" data-responsive-scale=\"true,,\" data-crop=\"false\">\n<source data-depicter-srcset=\"https:\/\/www.bancocapital.com\/web\/wp-content\/uploads\/2025\/01\/White-Blue-Modern-We-Are-Hiring-Instagram-Post-1-1020x1020.png, https:\/\/www.bancocapital.com\/web\/wp-content\/uploads\/2025\/01\/White-Blue-Modern-We-Are-Hiring-Instagram-Post-1-2040x2040.png 2x\" srcset=\"data:image\/gif;base64,R0lGODlhAQABAIAAAAAAAP\/\/\/yH5BAEAAAAALAAAAAABAAEAAAIBRAA7\" \/>\n<img decoding=\"async\" src=\"data:image\/gif;base64,R0lGODlhAQABAIAAAAAAAP\/\/\/yH5BAEAAAAALAAAAAABAAEAAAIBRAA7\" data-depicter-src=\"https:\/\/www.bancocapital.com\/web\/wp-content\/uploads\/2025\/01\/White-Blue-Modern-We-Are-Hiring-Instagram-Post-1-1020x1020.png\" alt=\"\" \/>\n<\/picture><\/div>\n\n<div id=\"depicter-146-section-10\" class=\"depicter-section depicter-146-section-10\" data-name=\"Slide 1\" data-type=\"section\" data-local-id=\"section-10\" data-slideshow-pause=\"true\"><\/div>\n<\/div>\n<script>\n(window.depicterSetups = window.depicterSetups || []).push(function(){\n\tDepicter.basePath = 'https:\/\/www.bancocapital.com\/web\/wp-content\/plugins\/depicter\/resources\/scripts\/player\/';\n\tconst dpPlayer = Depicter.setup('.depicter-146',\n\t\t{\"width\":[\"1200\",\"1024\",\"360\"],\"height\":[\"700\",\"700\",\"740\"],\"view\":\"basic\",\"keepAspectRatio\":true,\"preload\":0,\"layout\":\"fullwidth\",\"rtl\":false,\"initAfterAppear\":false,\"ajaxApiUrl\":\"https:\\\/\\\/www.bancocapital.com\\\/web\\\/wp-admin\\\/admin-ajax.php\",\"mouseSwipe\":true,\"touchSwipe\":true,\"useWatermark\":false}\n\t);\n});\n<\/script>\t\t<\/div>\n\t\t\t\t<\/div>\n\t\t\t\t\t<\/div>\n\t\t<\/div>\n\t\t\t\t\t<\/div>\n\t\t<\/section>\n\t\t\t\t<section class=\"elementor-section elementor-top-section elementor-element elementor-element-0e3f5c7 elementor-section-boxed elementor-section-height-default elementor-section-height-default\" data-id=\"0e3f5c7\" data-element_type=\"section\" data-settings=\"{&quot;background_background&quot;:&quot;classic&quot;,&quot;_ha_eqh_enable&quot;:false}\">\n\t\t\t\t\t\t\t<div class=\"elementor-background-overlay\"><\/div>\n\t\t\t\t\t\t\t<div class=\"elementor-container elementor-column-gap-default\">\n\t\t\t\t\t<div class=\"aux-parallax-section elementor-column elementor-col-100 elementor-top-column elementor-element elementor-element-5194148\" data-id=\"5194148\" data-element_type=\"column\">\n\t\t\t<div class=\"elementor-widget-wrap elementor-element-populated\">\n\t\t\t\t\t\t<section class=\"elementor-section elementor-inner-section elementor-element elementor-element-0570d68 elementor-section-boxed elementor-section-height-default elementor-section-height-default\" data-id=\"0570d68\" data-element_type=\"section\" data-settings=\"{&quot;_ha_eqh_enable&quot;:false}\">\n\t\t\t\t\t\t<div class=\"elementor-container elementor-column-gap-default\">\n\t\t\t\t\t<div class=\"aux-parallax-section elementor-column elementor-col-50 elementor-inner-column elementor-element elementor-element-b2c26a4\" data-id=\"b2c26a4\" data-element_type=\"column\">\n\t\t\t<div class=\"elementor-widget-wrap elementor-element-populated\">\n\t\t\t\t\t\t<div class=\"elementor-element elementor-element-72eff3c elementor-widget elementor-widget-spacer\" data-id=\"72eff3c\" data-element_type=\"widget\" data-widget_type=\"spacer.default\">\n\t\t\t\t<div class=\"elementor-widget-container\">\n\t\t\t\t\t<div class=\"elementor-spacer\">\n\t\t\t<div class=\"elementor-spacer-inner\"><\/div>\n\t\t<\/div>\n\t\t\t\t<\/div>\n\t\t\t\t<\/div>\n\t\t\t\t<div class=\"elementor-element elementor-element-e148eac elementor-widget elementor-widget-image\" data-id=\"e148eac\" data-element_type=\"widget\" data-widget_type=\"image.default\">\n\t\t\t\t<div class=\"elementor-widget-container\">\n\t\t\t\t\t\t\t\t\t\t\t\t\t<img decoding=\"async\" width=\"544\" height=\"466\" src=\"https:\/\/www.bancocapital.com\/web\/wp-content\/uploads\/2024\/10\/b004.png\" class=\"attachment-large size-large wp-image-2786\" alt=\"\" srcset=\"https:\/\/www.bancocapital.com\/web\/wp-content\/uploads\/2024\/10\/b004.png 544w, https:\/\/www.bancocapital.com\/web\/wp-content\/uploads\/2024\/10\/b004-200x171.png 200w\" sizes=\"(max-width: 544px) 100vw, 544px\" \/>\t\t\t\t\t\t\t\t\t\t\t\t\t<\/div>\n\t\t\t\t<\/div>\n\t\t\t\t<div class=\"elementor-element elementor-element-1741093 elementor-widget elementor-widget-text-editor\" data-id=\"1741093\" data-element_type=\"widget\" data-widget_type=\"text-editor.default\">\n\t\t\t\t<div class=\"elementor-widget-container\">\n\t\t\t\t\t\t\t<p>Ingrese la informaci\u00f3n solicitada en este FORMULARIO, que nos permite contar con informaci\u00f3n automatizada para nuestros procesos de selecci\u00f3n a nivel nacional. La informaci\u00f3n proporcionada ser\u00e1 manejada con absoluta confidencialidad.<\/p>\t\t\t\t\t\t<\/div>\n\t\t\t\t<\/div>\n\t\t\t\t\t<\/div>\n\t\t<\/div>\n\t\t\t\t<div class=\"aux-parallax-section elementor-column elementor-col-50 elementor-inner-column elementor-element elementor-element-15aae6f\" data-id=\"15aae6f\" data-element_type=\"column\" data-settings=\"{&quot;background_background&quot;:&quot;classic&quot;}\">\n\t\t\t<div class=\"elementor-widget-wrap elementor-element-populated\">\n\t\t\t\t\t\t<div class=\"elementor-element elementor-element-d95c5c2 elementor-widget elementor-widget-spacer\" data-id=\"d95c5c2\" data-element_type=\"widget\" data-widget_type=\"spacer.default\">\n\t\t\t\t<div class=\"elementor-widget-container\">\n\t\t\t\t\t<div class=\"elementor-spacer\">\n\t\t\t<div class=\"elementor-spacer-inner\"><\/div>\n\t\t<\/div>\n\t\t\t\t<\/div>\n\t\t\t\t<\/div>\n\t\t\t\t<div class=\"elementor-element elementor-element-17fa73d aux-appear-watch-animation aux-fade-in-up elementor-widget elementor-widget-aux_contact_form\" data-id=\"17fa73d\" data-element_type=\"widget\" data-widget_type=\"aux_contact_form.default\">\n\t\t\t\t<div class=\"elementor-widget-container\">\n\t\t\t<section class=\"widget-container aux-widget-contact-form aux-parent-au8741b6f8\">            <div class=\"aux-col-wrapper aux-no-gutter\">\n            <!-- @TODO - The output for element here -->\n\n            \n<div class=\"wpcf7 no-js\" id=\"wpcf7-f2061-o1\" lang=\"es-EC\" dir=\"ltr\" data-wpcf7-id=\"2061\">\n<div class=\"screen-reader-response\"><p role=\"status\" aria-live=\"polite\" aria-atomic=\"true\"><\/p> <ul><\/ul><\/div>\n<form action=\"\/web\/wp-json\/wp\/v2\/pages\/1458#wpcf7-f2061-o1\" method=\"post\" class=\"wpcf7-form init\" aria-label=\"Contact form\" enctype=\"multipart\/form-data\" novalidate=\"novalidate\" data-status=\"init\">\n<fieldset class=\"hidden-fields-container\"><input type=\"hidden\" name=\"_wpcf7\" value=\"2061\" \/><input type=\"hidden\" name=\"_wpcf7_version\" value=\"6.1.5\" \/><input type=\"hidden\" name=\"_wpcf7_locale\" value=\"es_EC\" \/><input type=\"hidden\" name=\"_wpcf7_unit_tag\" value=\"wpcf7-f2061-o1\" \/><input type=\"hidden\" name=\"_wpcf7_container_post\" value=\"0\" \/><input type=\"hidden\" name=\"_wpcf7_posted_data_hash\" value=\"\" \/><input type=\"hidden\" name=\"_wpcf7_recaptcha_response\" value=\"\" \/>\n<\/fieldset>\n<p><label> Nombre<br \/>\n<span class=\"wpcf7-form-control-wrap\" data-name=\"your-name\"><input size=\"40\" maxlength=\"400\" class=\"wpcf7-form-control wpcf7-text wpcf7-validates-as-required\" autocomplete=\"name\" aria-required=\"true\" aria-invalid=\"false\" value=\"\" type=\"text\" name=\"your-name\" \/><\/span> <\/label>\n<\/p>\n<p><label> Correo Electr\u00f3nico<br \/>\n<span class=\"wpcf7-form-control-wrap\" data-name=\"your-email\"><input size=\"40\" maxlength=\"400\" class=\"wpcf7-form-control wpcf7-email wpcf7-validates-as-required wpcf7-text wpcf7-validates-as-email\" autocomplete=\"email\" aria-required=\"true\" aria-invalid=\"false\" value=\"\" type=\"email\" name=\"your-email\" \/><\/span> <\/label>\n<\/p>\n<p><label> Tel\u00e9fono<br \/>\n<span class=\"wpcf7-form-control-wrap\" data-name=\"tel-861\"><input size=\"40\" maxlength=\"400\" class=\"wpcf7-form-control wpcf7-tel wpcf7-text wpcf7-validates-as-tel\" autocomplete=\"phone\" aria-invalid=\"false\" value=\"\" type=\"tel\" name=\"tel-861\" \/><\/span> <\/label>\n<\/p>\n<p><label> Celular<br \/>\n<span class=\"wpcf7-form-control-wrap\" data-name=\"tel-862\"><input size=\"40\" maxlength=\"400\" class=\"wpcf7-form-control wpcf7-tel wpcf7-text wpcf7-validates-as-tel\" autocomplete=\"phone\" aria-invalid=\"false\" value=\"\" type=\"tel\" name=\"tel-862\" \/><\/span> <\/label>\n<\/p>\n<p><label> Hoja de Vida<br \/>\n<span class=\"wpcf7-form-control-wrap\" data-name=\"file-376\"><input size=\"40\" class=\"wpcf7-form-control wpcf7-file wpcf7-validates-as-required\" accept=\"audio\/*,video\/*,image\/*\" aria-required=\"true\" aria-invalid=\"false\" type=\"file\" name=\"file-376\" \/><\/span><\/label>\n<\/p>\n<span class=\"wpcf7-form-control-wrap recaptcha\" data-name=\"recaptcha\"><span data-sitekey=\"6Ldd4XAqAAAAACAL9pd6YkRMSF-axbJvwZnp88wz\" class=\"wpcf7-form-control wpcf7-recaptcha g-recaptcha\"><\/span>\r\n<noscript>\r\n\t<div class=\"grecaptcha-noscript\">\r\n\t\t<iframe src=\"https:\/\/www.recaptcha.net\/recaptcha\/api\/fallback?k=6Ldd4XAqAAAAACAL9pd6YkRMSF-axbJvwZnp88wz\" frameborder=\"0\" scrolling=\"no\" width=\"310\" height=\"430\">\r\n\t\t<\/iframe>\r\n\t\t<textarea name=\"g-recaptcha-response\" rows=\"3\" cols=\"40\" placeholder=\"Aqu\u00ed la respuesta de reCAPTCHA\">\r\n\t\t<\/textarea>\r\n\t<\/div>\r\n<\/noscript>\r\n<\/span>\n<p><input class=\"wpcf7-form-control wpcf7-submit has-spinner\" type=\"submit\" value=\"ENVIAR MENSAJE\" \/>\n<\/p><div class=\"wpcf7-response-output\" aria-hidden=\"true\"><\/div>\n<\/form>\n<\/div>\n\n\n            <\/div><!-- aux-col-wrapper -->\n    <\/section><!-- widget-container -->\t\t<\/div>\n\t\t\t\t<\/div>\n\t\t\t\t\t<\/div>\n\t\t<\/div>\n\t\t\t\t\t<\/div>\n\t\t<\/section>\n\t\t\t\t\t<\/div>\n\t\t<\/div>\n\t\t\t\t\t<\/div>\n\t\t<\/section>\n\t\t\t\t<section class=\"elementor-section elementor-top-section elementor-element elementor-element-6ba770b elementor-section-boxed elementor-section-height-default elementor-section-height-default\" data-id=\"6ba770b\" data-element_type=\"section\" data-settings=\"{&quot;_ha_eqh_enable&quot;:false}\">\n\t\t\t\t\t\t<div class=\"elementor-container elementor-column-gap-default\">\n\t\t\t\t\t<div class=\"aux-parallax-section elementor-column elementor-col-100 elementor-top-column elementor-element elementor-element-112a35b\" data-id=\"112a35b\" data-element_type=\"column\">\n\t\t\t<div class=\"elementor-widget-wrap elementor-element-populated\">\n\t\t\t\t\t\t<div class=\"elementor-element elementor-element-c52929c elementor-widget elementor-widget-depicter_slider\" data-id=\"c52929c\" data-element_type=\"widget\" data-widget_type=\"depicter_slider.default\">\n\t\t\t\t<div class=\"elementor-widget-container\">\n\t\t\tPlease select a Depicter slider\t\t<\/div>\n\t\t\t\t<\/div>\n\t\t\t\t\t<\/div>\n\t\t<\/div>\n\t\t\t\t\t<\/div>\n\t\t<\/section>\n\t\t\t\t<\/div>\n\t\t","protected":false},"excerpt":{"rendered":"<p>Trabaja con nosotros Nos complace conocerlo, le invitamos a formar parte de nuestro equipo. A trav\u00e9s de esta p\u00e1gina tendr\u00e1 la oportunidad de integrarse a Banco Capital. Aplica a esta vacante ahora Completa el formulario y env\u00eda tu CV en el adjunto Aplica a esta vacante ahora Completa el formulario y env\u00eda tu CV en [&hellip;]<\/p>\n","protected":false},"author":1,"featured_media":0,"parent":0,"menu_order":0,"comment_status":"closed","ping_status":"closed","template":"templates\/page-builder-content.php","meta":{"iawp_total_views":3340,"footnotes":""},"class_list":["post-1458","page","type-page","status-publish","hentry"],"_links":{"self":[{"href":"https:\/\/www.bancocapital.com\/web\/wp-json\/wp\/v2\/pages\/1458","targetHints":{"allow":["GET"]}}],"collection":[{"href":"https:\/\/www.bancocapital.com\/web\/wp-json\/wp\/v2\/pages"}],"about":[{"href":"https:\/\/www.bancocapital.com\/web\/wp-json\/wp\/v2\/types\/page"}],"author":[{"embeddable":true,"href":"https:\/\/www.bancocapital.com\/web\/wp-json\/wp\/v2\/users\/1"}],"replies":[{"embeddable":true,"href":"https:\/\/www.bancocapital.com\/web\/wp-json\/wp\/v2\/comments?post=1458"}],"version-history":[{"count":31,"href":"https:\/\/www.bancocapital.com\/web\/wp-json\/wp\/v2\/pages\/1458\/revisions"}],"predecessor-version":[{"id":3776,"href":"https:\/\/www.bancocapital.com\/web\/wp-json\/wp\/v2\/pages\/1458\/revisions\/3776"}],"wp:attachment":[{"href":"https:\/\/www.bancocapital.com\/web\/wp-json\/wp\/v2\/media?parent=1458"}],"curies":[{"name":"wp","href":"https:\/\/api.w.org\/{rel}","templated":true}]}}